{"id":205,"date":"2019-07-02T13:21:38","date_gmt":"2019-07-02T11:21:38","guid":{"rendered":"http:\/\/ptf.kunden.kreativ-wolke.de\/pfueller\/?page_id=205"},"modified":"2020-05-27T09:52:55","modified_gmt":"2020-05-27T07:52:55","slug":"reinigung","status":"publish","type":"page","link":"https:\/\/www.ptf-group.com\/pfueller\/leistungen\/reinigung\/","title":{"rendered":"Reinigung"},"content":{"rendered":"","protected":false},"excerpt":{"rendered":"","protected":false},"author":1,"featured_media":0,"parent":197,"menu_order":28,"comment_status":"closed","ping_status":"closed","template":"","meta":{"_acf_changed":false,"footnotes":""},"class_list":["post-205","page","type-page","status-publish","hentry"],"acf":[],"yoast_head":"<!-- This site is optimized with the Yoast SEO plugin v25.9 - https:\/\/yoast.com\/wordpress\/plugins\/seo\/ -->\n<title>Reinigungsverfahren nach h\u00f6chstem Standard f\u00fcr alle Bauteile<\/title>\n<meta name=\"description\" content=\"Endreinigung hochpr\u00e4ziser Komponenten mit vollautomatisierten Mehrkammer-Ultraschall-Reinigungsanlagen. Reinigung auf h\u00f6chstem Standard f\u00fcr perfekte Sauberkeit in Reinraumqualit\u00e4t der Klasse 6 nach DIN14644.\" \/>\n<meta name=\"robots\" content=\"index, follow, max-snippet:-1, max-image-preview:large, max-video-preview:-1\" \/>\n<link rel=\"canonical\" href=\"https:\/\/www.ptf-group.com\/pfueller\/leistungen\/reinigung\/\" \/>\n<meta property=\"og:locale\" content=\"de_DE\" \/>\n<meta property=\"og:type\" content=\"article\" \/>\n<meta property=\"og:title\" content=\"Reinigungsverfahren nach h\u00f6chstem Standard f\u00fcr alle Bauteile\" \/>\n<meta property=\"og:description\" content=\"Endreinigung hochpr\u00e4ziser Komponenten mit vollautomatisierten Mehrkammer-Ultraschall-Reinigungsanlagen. Reinigung auf h\u00f6chstem Standard f\u00fcr perfekte Sauberkeit in Reinraumqualit\u00e4t der Klasse 6 nach DIN14644.\" \/>\n<meta property=\"og:url\" content=\"https:\/\/www.ptf-group.com\/pfueller\/leistungen\/reinigung\/\" \/>\n<meta property=\"og:site_name\" content=\"PTF Pf\u00fcller\" \/>\n<meta property=\"article:modified_time\" content=\"2020-05-27T07:52:55+00:00\" \/>\n<meta name=\"twitter:card\" content=\"summary_large_image\" \/>\n<script type=\"application\/ld+json\" class=\"yoast-schema-graph\">{\"@context\":\"https:\/\/schema.org\",\"@graph\":[{\"@type\":\"WebPage\",\"@id\":\"https:\/\/www.ptf-group.com\/pfueller\/leistungen\/reinigung\/\",\"url\":\"https:\/\/www.ptf-group.com\/pfueller\/leistungen\/reinigung\/\",\"name\":\"Reinigungsverfahren nach h\u00f6chstem Standard f\u00fcr alle Bauteile\",\"isPartOf\":{\"@id\":\"https:\/\/www.ptf-group.com\/pfueller\/#website\"},\"datePublished\":\"2019-07-02T11:21:38+00:00\",\"dateModified\":\"2020-05-27T07:52:55+00:00\",\"description\":\"Endreinigung hochpr\u00e4ziser Komponenten mit vollautomatisierten Mehrkammer-Ultraschall-Reinigungsanlagen. Reinigung auf h\u00f6chstem Standard f\u00fcr perfekte Sauberkeit in Reinraumqualit\u00e4t der Klasse 6 nach DIN14644.\",\"breadcrumb\":{\"@id\":\"https:\/\/www.ptf-group.com\/pfueller\/leistungen\/reinigung\/#breadcrumb\"},\"inLanguage\":\"de\",\"potentialAction\":[{\"@type\":\"ReadAction\",\"target\":[\"https:\/\/www.ptf-group.com\/pfueller\/leistungen\/reinigung\/\"]}]},{\"@type\":\"BreadcrumbList\",\"@id\":\"https:\/\/www.ptf-group.com\/pfueller\/leistungen\/reinigung\/#breadcrumb\",\"itemListElement\":[{\"@type\":\"ListItem\",\"position\":1,\"name\":\"Startseite\",\"item\":\"https:\/\/www.ptf-group.com\/pfueller\/\"},{\"@type\":\"ListItem\",\"position\":2,\"name\":\"Leistungen\",\"item\":\"https:\/\/www.ptf-group.com\/pfueller\/leistungen\/\"},{\"@type\":\"ListItem\",\"position\":3,\"name\":\"Reinigung\"}]},{\"@type\":\"WebSite\",\"@id\":\"https:\/\/www.ptf-group.com\/pfueller\/#website\",\"url\":\"https:\/\/www.ptf-group.com\/pfueller\/\",\"name\":\"PTF Pf\u00fcller\",\"description\":\"Eine weitere PTF GROUP Websites Website\",\"potentialAction\":[{\"@type\":\"SearchAction\",\"target\":{\"@type\":\"EntryPoint\",\"urlTemplate\":\"https:\/\/www.ptf-group.com\/pfueller\/?s={search_term_string}\"},\"query-input\":{\"@type\":\"PropertyValueSpecification\",\"valueRequired\":true,\"valueName\":\"search_term_string\"}}],\"inLanguage\":\"de\"}]}<\/script>\n<!-- \/ Yoast SEO plugin. -->","yoast_head_json":{"title":"Reinigungsverfahren nach h\u00f6chstem Standard f\u00fcr alle Bauteile","description":"Endreinigung hochpr\u00e4ziser Komponenten mit vollautomatisierten Mehrkammer-Ultraschall-Reinigungsanlagen. Reinigung auf h\u00f6chstem Standard f\u00fcr perfekte Sauberkeit in Reinraumqualit\u00e4t der Klasse 6 nach DIN14644.","robots":{"index":"index","follow":"follow","max-snippet":"max-snippet:-1","max-image-preview":"max-image-preview:large","max-video-preview":"max-video-preview:-1"},"canonical":"https:\/\/www.ptf-group.com\/pfueller\/leistungen\/reinigung\/","og_locale":"de_DE","og_type":"article","og_title":"Reinigungsverfahren nach h\u00f6chstem Standard f\u00fcr alle Bauteile","og_description":"Endreinigung hochpr\u00e4ziser Komponenten mit vollautomatisierten Mehrkammer-Ultraschall-Reinigungsanlagen. Reinigung auf h\u00f6chstem Standard f\u00fcr perfekte Sauberkeit in Reinraumqualit\u00e4t der Klasse 6 nach DIN14644.","og_url":"https:\/\/www.ptf-group.com\/pfueller\/leistungen\/reinigung\/","og_site_name":"PTF Pf\u00fcller","article_modified_time":"2020-05-27T07:52:55+00:00","twitter_card":"summary_large_image","schema":{"@context":"https:\/\/schema.org","@graph":[{"@type":"WebPage","@id":"https:\/\/www.ptf-group.com\/pfueller\/leistungen\/reinigung\/","url":"https:\/\/www.ptf-group.com\/pfueller\/leistungen\/reinigung\/","name":"Reinigungsverfahren nach h\u00f6chstem Standard f\u00fcr alle Bauteile","isPartOf":{"@id":"https:\/\/www.ptf-group.com\/pfueller\/#website"},"datePublished":"2019-07-02T11:21:38+00:00","dateModified":"2020-05-27T07:52:55+00:00","description":"Endreinigung hochpr\u00e4ziser Komponenten mit vollautomatisierten Mehrkammer-Ultraschall-Reinigungsanlagen. Reinigung auf h\u00f6chstem Standard f\u00fcr perfekte Sauberkeit in Reinraumqualit\u00e4t der Klasse 6 nach DIN14644.","breadcrumb":{"@id":"https:\/\/www.ptf-group.com\/pfueller\/leistungen\/reinigung\/#breadcrumb"},"inLanguage":"de","potentialAction":[{"@type":"ReadAction","target":["https:\/\/www.ptf-group.com\/pfueller\/leistungen\/reinigung\/"]}]},{"@type":"BreadcrumbList","@id":"https:\/\/www.ptf-group.com\/pfueller\/leistungen\/reinigung\/#breadcrumb","itemListElement":[{"@type":"ListItem","position":1,"name":"Startseite","item":"https:\/\/www.ptf-group.com\/pfueller\/"},{"@type":"ListItem","position":2,"name":"Leistungen","item":"https:\/\/www.ptf-group.com\/pfueller\/leistungen\/"},{"@type":"ListItem","position":3,"name":"Reinigung"}]},{"@type":"WebSite","@id":"https:\/\/www.ptf-group.com\/pfueller\/#website","url":"https:\/\/www.ptf-group.com\/pfueller\/","name":"PTF Pf\u00fcller","description":"Eine weitere PTF GROUP Websites Website","potentialAction":[{"@type":"SearchAction","target":{"@type":"EntryPoint","urlTemplate":"https:\/\/www.ptf-group.com\/pfueller\/?s={search_term_string}"},"query-input":{"@type":"PropertyValueSpecification","valueRequired":true,"valueName":"search_term_string"}}],"inLanguage":"de"}]}},"lang":"de","translations":{"de":205,"en":1354},"pll_sync_post":[],"_links":{"self":[{"href":"https:\/\/www.ptf-group.com\/pfueller\/wp-json\/wp\/v2\/pages\/205","targetHints":{"allow":["GET"]}}],"collection":[{"href":"https:\/\/www.ptf-group.com\/pfueller\/wp-json\/wp\/v2\/pages"}],"about":[{"href":"https:\/\/www.ptf-group.com\/pfueller\/wp-json\/wp\/v2\/types\/page"}],"author":[{"embeddable":true,"href":"https:\/\/www.ptf-group.com\/pfueller\/wp-json\/wp\/v2\/users\/1"}],"replies":[{"embeddable":true,"href":"https:\/\/www.ptf-group.com\/pfueller\/wp-json\/wp\/v2\/comments?post=205"}],"version-history":[{"count":14,"href":"https:\/\/www.ptf-group.com\/pfueller\/wp-json\/wp\/v2\/pages\/205\/revisions"}],"predecessor-version":[{"id":1098,"href":"https:\/\/www.ptf-group.com\/pfueller\/wp-json\/wp\/v2\/pages\/205\/revisions\/1098"}],"up":[{"embeddable":true,"href":"https:\/\/www.ptf-group.com\/pfueller\/wp-json\/wp\/v2\/pages\/197"}],"wp:attachment":[{"href":"https:\/\/www.ptf-group.com\/pfueller\/wp-json\/wp\/v2\/media?parent=205"}],"curies":[{"name":"wp","href":"https:\/\/api.w.org\/{rel}","templated":true}]}}